(p).
56
Let d(z) = 2*z**2 - 3*z + 3. Let i be d(2). Let a(y) be the first derivative of y**2/2 - 4*y + 1182. What is a(i)?
1
Let c(j) = -5*j - 16. Let m be c(-8). Suppose 3*g - m + 12 = 0. Let o(f) = -f**3 + 5*f**2. Give o(g).
16
Let x(p) = 3*p**2 - 3*p - 13. Let y(o) = 2*o**2 - 4*o - 10. Let r(f) = -4*x(f) + 5*y(f). What is r(-6)?
-22
Let k be (-92)/(-12) - 5/(-15). Let u(g) = 15*g + 2 + k*g + 2 - 22*g. Determine u(5).
9
Let s(p) = 3 - 4*p - 1 + 3*p + 3*p - 4*p. What is s(-1)?
4
Let c(i) = 18*i - 1359*i**2 - 1 - 8 + 2 + 1357*i**2. Determine c(9).
-7
Let x(w) = -w**3 - 11*w**2 - w - 15. Suppose -4*k = -d + 48, -65 = 4*k - 2*d - 13. What is x(k)?
-4
Let d(b) = -b**3 + 2*b**2 - 4*b + 1. Let m(u) = u**2 - 27*u + 75. Let o be m(24). Determine d(o).
-20
Let y(s) = 13*s - 16. Let d(h) = 20*h - 25. Let b(u) = 5*d(u) - 8*y(u). Let m(a) = -a**3 + 7*a**2 - 4*a - 8. Let w be m(6). Determine b(w).
-13
Let h be (5*2/2)/(-1). Suppose -4*s + 17 = 1. Let g(b) = -s + b - 3*b - b. Determine g(h).
11
Let m(j) = -12*j + 10 - 23 + 4 + 5. Give m(-3).
32
Let c(k) = -6*k - 8. Suppose 23*w - 119 = 40*w. Calculate c(w).
34
Let v(i) = -i**2 - 8*i - 12. Let q be (-275)/(-55)*12/(-10). Determine v(q).
0
Let q = 39 - 23. Let l = q - 12. Let a(c) = c**2 - 6*c + 6. What is a(l)?
-2
Suppose 0 = 19*k - 25*k - 468. Let w = k - -74. Let q(o) = -3*o - 5. Calculate q(w).
7
Let p(d) = 14*d + 76 - 79 - d**2 - 8*d. Give p(6).
-3
Let i(g) = -4*g + 7. Let h(l) = 8*l**3 - 3*l - 2. Let q be h(-1). Let x(o) = -2*o + 4. Let m(b) = q*x(b) + 4*i(b). Determine m(3).
-6
Suppose -5*r + 33 = 4*q, 3*r + 5*q - 3 - 9 = 0. Let i(z) = z**3 - 9*z**2 - 9. Determine i(r).
-9
Let p(q) be the third derivative of -q**5/60 - q**4/12 + 2*q**2 + 2974. Let u be 2/10 + 19/5. Let r be u*2/((-16)/6). Calculate p(r).
-3
Let m be 13 - 16 - -5*1. Suppose -4*s + 0*z - 11 = z, -5*s = -4*z - m. Let a(x) = 5*x**2 - 3*x**2 - 3*x**2 + 4 - 2. Determine a(s).
-2
Suppose -26*i + 29*i = 144. Let y(o) = -i - 2*o + o + 47. Calculate y(2).
-3
Let p(x) = -6*x. Let b(h) = -2*h**2 + 6*h - 7. Let y be b(1). Determine p(y).
18
Let r(x) = -6*x - 3 + 0*x + 4*x + 3*x. Give r(-3).
-6
Let f(n) = 3*n**3 + 2*n**2 + n. Let y = -25 - -24. Let c be f(y). Let o(v) = -v - 1. What is o(c)?
1
Let s(p) = -7*p**3 - 11*p**2 - p + 29. Let o(b) = -17*b**2 - 14*b**3 - b + 14*b**3 - 10*b**3 + 43. Let z(k) = -5*o(k) + 7*s(k). Determine z(-8).
4
Let i(y) = y**3 + 8*y**2 + 3*y + 9. Let z = 265 - 272. What is i(z)?
37
Let p be ((-16)/20)/(((-4)/(-5))/(-2)). Let f(v) = 4*v**2 + v**3 + 6*v**2 - 7 - v**2 - 2*v**p. Let w(b) = b**2 - 5*b - 3. Let r be w(4). What is f(r)?
-7
Let m be (5 + -2)*(-190)/30. Let r(u) = -u**3 - 18*u**2 + 20*u + 17. What is r(m)?
-2
Suppose 32 = 25*g - 9*g. Let k(n) = -n + 4. What is k(g)?
2
Let t(x) = 2*x + 5. Let g(k) = -6*k**2 + 34*k + 6. Let u be g(6). Calculate t(u).
-7
Let d(j) = -j**3 + 4*j**2 + 4*j + 6. Let l be 1 - -4 - 0/(-28). Give d(l).
1
Let t(q) = -2*q - 3. Let v(o) = 3*o + 5. Let y(s) = 8*t(s) + 5*v(s). Let z = 3 + 0. Let w be z*(0/3 + -1). Determine y(w).
4
Let s(q) = -q - 2. Let y(h) = 1. Let p(f) = s(f) + 5*y(f). Let i be ((-10)/(-3))/(6/36). Suppose c + i = 5*c + 4*k, 2*k = 2*c + 2. Give p(c).
1
Let x(p) be the second derivative of 0 - 1/2*p**3 - 3/2*p**2 + 1/6*p**4 - 28*p. Suppose 3*g - 6*g + 9 = 0. Give x(g).
6
Let n(w) = 35*w**2 - 142*w + 4. Let s be n(4). Let v(c) = -5*c - 11. Determine v(s).
9
Let a(q) = -5 + 2*q - 6*q + 3*q + 23. Determine a(0).
18
Let l(c) = 27*c - 27. Let j be l(1). Let g(p) be the second derivative of -8*p + 1/6*p**3 + 0 - 1/3*p**4 + j*p**2. Calculate g(1).
-3
Let y(h) = -18*h - 3. Suppose 4*s + 56 = -4*d, -8 = 4*d - 0. Let m(l) = -7*l - 1. Let u(o) = s*m(o) + 5*y(o). Calculate u(-2).
9
Let k(z) = 4*z - 2. Suppose 22 + 26 = 3*o. Let p = o + -19. Give k(p).
-14
Suppose 5 = -4*x - 5*p, 0*p = 2*x + p + 1. Let a(n) = x*n + 6*n + n + n. Determine a(-1).
-8
Let m(s) = 60*s**2 - 16*s - 44*s**2 - 7 - 14*s**2. Calculate m(7).
-21
Let h(b) = b**3 + 6*b**2 + b. Suppose -n + 17 + 2 = 0. Let f be (1 - 1/2)*12. Suppose n*j = 18*j - f. Determine h(j).
-6
Let v(q) = -5*q**2 - 3*q. Let t(p) = p**2 + 2*p + 1. Let i(y) = 2*t(y) + v(y). Determine i(2).
-8
Let l(f) = f**3 + 14*f**2 + 12*f - 6. Let s be l(-13). Suppose -1 = -3*b - s. Let c(i) = 2*i + 0*i - 5*i. Give c(b).
6
Let i(s) = -122*s + 15 - 12 + 133*s. Determine i(-3).
-30
Let q(n) be the third derivative of n**5/60 + n**4/24 - 5*n**3/6 - 5*n**2 + 32*n. Determine q(-5).
15
Let x(l) = -2*l - 3. Let o(h) = -h - 2. Let z(y) = 3*o(y) - 2*x(y). Let w(r) be the first derivative of -2*r + 63. Let d(q) = -w(q) - 2*z(q). Determine d(-4).
10
Let m(k) = k**3 + 6*k**2 + 5*k - 2. Let g(o) = o**2 - 5*o + 9. Let r be g(7). Suppose -r*s + 28*s = -25. Calculate m(s).
-2
Suppose 3*b + 1 = 10. Let o(u) = -u**3 + 2*u + 0*u**2 - 7 + 6*u**2 - b + 2. Let r = -6 + 12. What is o(r)?
4
Let b = 13 + -5. Let k(u) = -9*u**3 - 7*u**2 + 5 - 9*u + 4 + 10*u**3. What is k(b)?
1
Let s be (-6)/(-10) - (-40)/(-25). Let m(c) = -c**2 + 1. Suppose -6 = 6*t - 0. Let q(r) = -3*r**2 + 2*r - 2. Let b(n) = t*q(n) - 3*m(n). What is b(s)?
7
Let g be 36/(-6) + 4 + 4. Let d(u) be the second derivative of 0*u**g + 2/3*u**3 + 1/12*u**4 + 0 - 6*u. Calculate d(-2).
-4
Let y(x) = 0*x**2 - 40*x + 4*x**2 + 37*x - x**2 - x**3 - 3. What is y(3)?
-12
Let u(r) be the first derivative of r**3 - 2*r**2 - 2*r - 3. Calculate u(4).
30
Let k(l) = 4*l + 6. Let d(y) = 3*y + 4. Let w(c) = -8*d(c) + 5*k(c). Let a be 49/21 - ((-5)/3 + 1). Calculate w(a).
-14
Let c(k) be the second derivative of k**4/12 + k**3/3 + k**2/2 + 171*k. Give c(-4).
9
Let p(r) = -r**2 + 4*r + 1. Let l = -13 + 7. Let g = 11 + l. Give p(g).
-4
Let c(s) = -9 - 2*s**2 - 3*s - 188*s**3 + 93*s**3 + 7*s**2 + 96*s**3. Calculate c(-6).
-27
Let t(x) = 10*x**2 + 1 + 0 - x - 1 + 2. Calculate t(2).
40
Let h(j) = 2*j**3 - 4*j**2 + 11*j + 14. Let s(g) = 3*g**3 - 9*g**2 + 21*g + 26. Let q(f) = -5*h(f) + 3*s(f). What is q(-8)?
8
Suppose 0 = -4*h - 39 + 51. Let s(c) = 3 - 2 + 3 + h + 2*c. Determine s(-5).
-3
Let g = 96 - 93. Let r(z) = 5*z + 5. Let b(v) = 6*v + 6. Let l(m) = -6*b(m) + 7*r(m). Calculate l(g).
-4
Let d(b) = b + 4. Let q(f) = 25*f + 110. Let v(l) = 55*d(l) - 2*q(l). What is v(3)?
15
Suppose 0*m + 3*j + 34 = -m, -3*j = 5*m + 218. Let b = m - -41. Let o(v) be the second derivative of v**4/12 + 5*v**3/6 - 5*v**2/2 - 2*v. Calculate o(b).
-5
Let t(j) = 365*j**3 + 2*j + j - 366*j**3 + 9*j**2 - 9. Determine t(9).
18
Let v be (21 - 22)/((-1)/2). Let h(x) = -x**2 + 2*x + 2. Determine h(v).
2
Let o(a) = -a**2 - 9*a + 3. Let t be (6/2)/(15/(-41 - 4)). Give o(t).
3
Let a be 4 - (4/(0 + -4) - 1). Let d(k) = 2*k**2 - 11*k - 11. Let w be d(a). Let b(h) = h**2 + 5*h - 3. Give b(w).
-3
Let s be 2/(-4)*-1 + 10/4. Let w(a) be the third derivative of a**4/12 - a**3/3 - a**2. What is w(s)?
4
Let o(y) = -60*y + 84*y + 7 - 25*y. Suppose 3*q - 3 = 3*t, 0*q + t = -q + 11. Let x be o(q). Let v(b) = 4*b**3 - 2*b**2 + b. Calculate v(x).
3
Let b(j) be the first derivative of -j**2/2 + 12*j - 6. Let k be b(10). Let n(a) = -6 + 0 + 7 + k*a. Determine n(-4).
-7
Let i be -3*2*(-2)/4. Suppose 4*b + 2 = -i*c, -2*b + 0*c = -4*c - 10. Let u(x) = b + 12*x - 11*x + 3. What is u(-6)?
-2
Let t(h) = -68*h + 179*h + 3*h**2 - 58*h + 6 + 0 - 60*h. Calculate t(4).
26
Let p(g) = 1 + 4*g - 4 - 133*g**3 + 130*g**3. Calculate p(2).
-19
Let p(u) be the first derivative of 2*u**3/3 - 2*u**2 - 3*u + 626. Determine p(-2).
13
Let x be 39*(32/(-6) + 5). Let y(g) = -4*g - 37. Let w be y(x). Let a(k) = k**3 - 16*k**2 + 14*k + 12. Calculate a(w).
-3
Let o(z) be the second derivative of -z**4/12 - z**3/3 + 7*z**2/2 + 5*z. Suppose 10 = -s - s. Give o(s).
-8
Let o = -67 + 94. Suppose 0 = -0*d + 3*d - o. Let t(w) = -5*w**2 + w**2 + 5*w**2 + 6*w + d. Give t(-6).
9
Let q(u) = u**2 - 7*u + 6. Suppose 7*d + 1 = 6*d. Let p be (-2 - d) + (3 - -1). Suppose 0 = -5*n + p*n + 10. Calculate q(n).
-4
Suppose 4*l + 32 - 8 = 0. Let r = 95 - 93. Let d(h) = 4 - 4 - 7 + h**r + 5*h. Give d(l).
-1
Let p(d) be the third derivative of -d**5/60 + d**4/8 - d**3/3 + 3*d**2 + 267. Let o(j) = j**3 + 5*j**2 - 7*j - 3. Let a be o(-6). Determine p(a).
-2
Let q = -13 - -4. Let h be q/((-3)/1)*-1. Let t(l) be the first derivative of l**3/3 + l